8150?
2, 3, 5, 13, 19, 127
What are the prime factors of 88275722?
2, 44137861
What are the prime factors of 1329564812?
2, 5689, 58427
What are the prime factors of 354418068?
2, 3, 29534839
List the prime factors of 189303214.
2, 94651607
List the prime factors of 41992565.
5, 19, 442027
List the prime factors of 378677031.
3, 431, 292867
List the prime factors of 126774253.
17, 7457309
List the prime factors of 242326657.
13807, 17551
What are the prime factors of 282357873?
3, 7, 283, 5279
List the prime factors of 2815252.
2, 11, 109, 587
What are the prime factors of 549172102?
2, 163, 1684577
What are the prime factors of 60498622?
2, 19, 1592069
What are the prime factors of 403276449?
3, 467, 287849
What are the prime factors of 7093056881?
61, 883, 131687
List the prime factors of 224301511.
7, 37, 866029
List the prime factors of 5011734619.
37, 907, 149341
What are the prime factors of 612706610?
2, 5, 107, 271, 2113
List the prime factors of 290642632.
2, 7, 5190047
List the prime factors of 36829800.
2, 3, 5, 7, 37, 79
What are the prime factors of 81965611?
7, 13, 43, 20947
What are the prime factors of 1965136208?
2, 7, 17545859
List the prime factors of 1681664709.
3, 3169, 176887
List the prime factors of 4876668.
2, 3, 135463
List the prime factors of 103923746.
2, 4649, 11177
What are the prime factors of 5085211198?
2, 61, 79, 257, 2053
What are the prime factors of 43850865?
3, 5, 59, 49549
What are the prime factors of 194371511?
53, 3667387
What are the prime factors of 768763981?
41, 18750341
What are the prime factors of 31134644?
2, 61, 127601
What are the prime factors of 254049199?
113, 2248223
List the prime factors of 590963112.
2, 3, 17, 37, 13049
What are the prime factors of 25627381?
13, 17, 61, 1901
What are the prime factors of 610627373?
9613, 63521
What are the prime factors of 46626151?
11, 13, 326057
What are the prime factors of 2438543336?
2, 304817917
What are the prime factors of 1502501485?
5, 43, 6988379
List the prime factors of 1150180334.
2, 47, 12235961
List the prime factors of 57030821.
71, 803251
List the prime factors of 618043454.
2, 7, 97, 199, 2287
What are the prime factors of 30602827?
30602827
What are the prime factors of 1809197017?
14699, 123083
What are the prime factors of 742300828?
2, 31, 53, 179, 631
What are the prime factors of 72280505?
5, 11, 1314191
List the prime factors of 313593854.
2, 7, 22399561
What are the prime factors of 85913039?
47, 1827937
What are the prime factors of 877520497?
7, 125360071
List the prime factors of 233714773.
233714773
List the prime factors of 523742363.
37, 71, 193, 1033
List the prime factors of 1697120986.
2, 11, 77141863
List the prime factors of 1270539193.
7, 11, 3911, 4219
List the prime factors of 3937651987.
29, 1409, 3323
What are the prime factors of 957103634?
2, 199, 2404783
List the prime factors of 73903313.
11, 6718483
List the prime factors of 104012612.
2, 11, 19, 83, 1499
What are the prime factors of 2697295265?
5, 7, 77065579
List the prime factors of 1187853933.
3, 7, 164911
List the prime factors of 2590287.
3, 7, 67, 263
What are the prime factors of 34323524?
2, 113, 75937
What are the prime factors of 125992414?
2, 29, 2172283
What are the prime factors of 66685518?
2, 3, 43, 3191
List the prime factors of 38004659.
7, 11, 493567
List the prime factors of 2399209.
47, 51047
List the prime factors of 6516622852.
2, 17, 223, 1487
What are the prime factors of 199656745?
5, 103, 387683
List the prime factors of 237455491.
7, 13, 2609401
What are the prime factors of 6170667?
3, 179, 11491
What are the prime factors of 168595687?
13, 12968899
What are the prime factors of 156303635?
5, 449, 69623
What are the prime factors of 149699056?
2, 13, 73, 9859
What are the prime factors of 239896311?
3, 83, 101, 9539
List the prime factors of 36121534.
2, 71, 254377
List the prime factors of 88230299.
88230299
List the prime factors of 6931298.
2, 11, 315059
List the prime factors of 909425455.
5, 17, 31, 345133
What are the prime factors of 217285577?
19, 23, 293, 1697
List the prime factors of 1347048388.
2, 7, 47, 317, 3229
What are the prime factors of 1170543748?
2, 11, 167, 241, 661
What are the prime factors of 385403613?
3, 7, 2837, 6469
List the prime factors of 853178782.
2, 29, 37, 397567
List the prime factors of 118710864.
2, 3, 17, 71, 683
List the prime factors of 281745358.
2, 41, 101, 34019
List the prime factors of 143843670.
2, 3, 5, 1598263
List the prime factors of 241350920.
2, 5, 19, 541, 587
List the prime factors of 5127299870.
2, 5, 7, 11, 31, 79, 2719
What are the prime factors of 1421270903?
13, 61, 137867
List the prime factors of 2768258450.
2, 5, 827, 66947
What are the prime factors of 110082776?
2, 641, 21467
List the prime factors of 665311503.
3, 1063, 208627
List the prime factors of 2414769004.
2, 89, 101, 239, 281
List the prime factors of 5543053537.
7, 139, 2357, 2417
List the prime factors of 19333086.
2, 3, 211, 15271
What are the prime factors of 107856178?
2, 1433, 37633
List the prime factors of 1778579057.
41, 43379977
List the prime factors of 2410375990.
2, 5, 11, 21912509
List the prime factors of 76211891.
7, 577, 18869
List the prime factors of 7164600274.
2, 13, 1181, 233329
List the prime factors of 20365947.
3, 7, 37, 8737
What are the prime factors of 1518335326?
2, 131, 383, 15131
List the prime factors of 16508364.
2, 3, 37, 37181
What are the prime factors of 1929622911?
3, 18439, 34883
What are the prime factors of 438538114?
2, 7, 457, 68543
List the prime factors of 80626778.
2, 229, 176041
List the prime factors of 1428400923.
3, 47, 1787, 5669
What are the prime factors of 528840610?
2, 5, 23, 1039, 2213
List the prime factors of 115163029.
139, 313, 2647
What are the prime factors of 558953714?
2, 11, 29, 876103
What are the prime factors of 26148264?
2, 3, 467, 2333
What are the prime factors of 1746534674?
2, 873267337
List the prime factors of 1867878688.
2, 13, 239, 18787
List the prime factors of 164447506.
2, 79, 1040807
List the prime factors of 31078357.
19, 1635703
What are the prime factors of 4332814243?
4332814243
What are the prime factors of 86177971?
11, 7834361
What are the prime factors of 836363513?
23, 36363631
List the prime factors of 199421117.
7, 28488731
List the prime factors of 43468752.
2, 3, 905599
List the prime factors of 33221362.
2, 257, 64633
What are the prime factors of 180303737?
3019, 59723
What are the prime factors of 80728494?
2, 3, 7, 11, 174737
List the prime factors of 721422933.
3, 7, 11, 40559
List the prime factors of 272260848.
2, 3, 17, 31, 47, 229
List the prime factors of 1299895764.
2, 3, 108324647
What are the prime factors of 654509889?
3, 11, 569, 1291
What are the prime factors of 2110645080?
2, 3, 5, 1954301
List the prime factors of 550238505.
3, 5, 67, 547501
What are the prime factors of 1871135305?
5, 13, 28786697
What are the prime factors of 689616493?
689616493
List the prime factors of 1278304080.
2, 3, 5, 503, 10589
List the prime factors of 70890429.
3, 47, 502769
List the prime factors of 1220814666.
2, 3, 59, 127727
What are the prime factors of 251664319?
251664319
List the prime factors of 6703655.
5, 7, 191533
What are the prime factors of 37448067?
3, 59, 211571
List the prime factors of 2534916781.
1489, 1702429
List the prime factors of 1015603198.
2, 507801599
List the prime factors of 224485899.
3, 11, 53, 128351
What are the prime factors of 3252253188?
2, 3, 1613, 168023
What are the prime factors of 1658642119?
1658642119
List the prime factors of 8459714.
2, 31, 136447
List the prime factors of 350107667.
7, 13, 295949
What are the prime factors of 119012769?
3, 61, 216781
List the prime factors of 5701270636.
2, 23, 31, 1999043
What are the prime factors of 3919955471?
23557, 166403
List the prime factors of 6480255852.
2, 3, 7, 8571767
List the prime factors of 6237722175.
3, 5, 271, 306899
What are the prime factors of 25186317?
3, 13, 645803
List the prime factors of 28022257.
23, 349, 3491
List the prime factors of 156813963.
3, 3119, 16759
What are the prime factors of 800622911?
11, 163, 181, 2467
What are the prime factors of 1200179605?
5, 211, 1137611
What are the prim